?
1
Let b(s) = -19*s - 2. Let z be b(-4). Suppose 3*d = d - 5*w + z, -2*w = -4*d + 196. Let j = 90 - d. What is the tens digit of j?
4
Suppose -8*c + c + 14 = 0. What is the units digit of c + 4/(2 + 2)?
3
Let d be (6/(-15))/((-1)/(-10)*-1). Suppose 176 = -2*b + d*b - 3*h, -3*b = -h - 264. What is the tens digit of b?
8
Suppose j - b - 4*b = -43, -4*j + 5*b = 217. Let h = 96 + j. What is the tens digit of h?
3
Let w(m) = -m**3 + 4*m**2 - 6*m + 2. Let b be w(5). Let y = b + 87. What is the units digit of y/6 - (-4)/(-6)?
5
Suppose 11*w = 3*w + 1952. What is the tens digit of w?
4
Suppose 9*o - 8*o - 4*w - 1458 = 0, 2928 = 2*o + 4*w. What is the tens digit of o?
6
Suppose -28 = -4*g + 8*g. Let c be (g - -3)/(4/(-6)). Suppose 11*u = c*u + 60. What is the units digit of u?
2
Suppose -3*s = -5*k - 17, -k - 3 = -s + 2. Let l = s + 95. Suppose 4*j + 23 - l = 0. What is the tens digit of j?
1
Let x(y) = -5*y**3 - 27*y**2 - 11*y - 155. What is the thousands digit of x(-12)?
4
Let n be (261/(-18))/((-1)/108). Suppose -5*u - 366 + n = 0. What is the tens digit of u?
4
Let d be (3 - 6)*5 + -1. Let x = d + 19. Suppose 38 = 2*h + t + 4*t, -x*h = 2*t - 57. What is the tens digit of h?
1
Let c(h) = -h**2 + 5*h + 11. Let s(r) = -2*r**2 + 11*r + 21. Let b(m) = 5*c(m) - 3*s(m). What is the units digit of b(-8)?
0
Let p(r) = 12 + 257*r + r**2 - 136*r - 130*r. What is the hundreds digit of p(-10)?
2
Let h(a) = 6*a**2 - 2*a + 1. Let u be h(2). Suppose 5*z - 4*m - 36 + 4 = 0, 0 = -3*z + 3*m + u. What is the tens digit of -1*(z + -1 - 29)?
2
Suppose -2*a + 2202 + 780 = 0. What is the thousands digit of a?
1
Suppose -a - 2*a = 6, 2*b - 3*a = 14. Suppose -t = b*t - 430. What is the units digit of t + 3/(-6)*6?
3
Let u = -100 - -48. Let k be (-3)/(-4) - 4589/u. Let b = k + -61. What is the tens digit of b?
2
Suppose -j + 16 + 1514 = -4*a, 4*a - 1570 = -j. What is the hundreds digit of j?
5
Let d be (-2)/8*1 + (-2)/(-8). Suppose 0*g - 7*g + 980 = d. What is the tens digit of g?
4
What is the hundreds digit of -3 - 3 - (-643 + -6)?
6
Suppose 170*m - 9265 = 165*m. What is the units digit of m?
3
Let l(w) = 1936*w + 52. What is the tens digit of l(2)?
2
Let s(a) = -57*a + 123. What is the units digit of s(-3)?
4
Let g be (-3 + 4)/(-4 + 5). Let c = g + 8. What is the units digit of c?
9
Let f = -47 - -51. Suppose 0 = 2*a - 3*a + 1. Suppose -v + a = -f. What is the units digit of v?
5
Suppose -10*g = -19*g + 10107. What is the thousands digit of g?
1
Let y(a) = a**3 - 12*a**2 + 4*a - 1. Let t be y(12). Suppose -4*p - 5*m = -24, -2*p - 3*p - 2*m = -t. Suppose -13*r = -p*r - 52. What is the units digit of r?
6
Let s(g) = g**3 + 3*g**2 - 13*g - 12. Let h be s(-5). What is the tens digit of 9/(9/h) + 77?
8
Let u(m) be the first derivative of -m**4/4 + 4*m**3/3 + 2*m**2 - m - 6. Let l be u(4). What is the units digit of (25/l)/((-3)/(-81))?
5
Suppose 1442 + 2218 = 5*w. What is the units digit of w?
2
Let u(f) = f**3 - 4*f**2 - 9*f - 16. What is the tens digit of u(8)?
6
Suppose -13*j + 6*j + 119 = 0. Suppose -2*x - 50 = -2*a - 0*x, -j = -a - x. What is the units digit of a?
1
What is the units digit of 0 + 8 - 27082/(-22)?
9
What is the hundreds digit of 26/(-208) + (-27282)/(-16)?
7
Let b(h) = 20*h**2 + 12*h + 37. Let c be b(-4). Let j = 475 - c. What is the hundreds digit of j?
1
Let i(t) = t**3 + 3*t**2 + t. Let v be i(-2). Let r = -218 - -282. Suppose -3*j - 3*z + 84 = 0, -r = -3*j + v*z + 15. What is the units digit of j?
7
Suppose 0 = -16*q - 14*q + 84810. What is the thousands digit of q?
2
What is the tens digit of -4 + (-1624)/(-12) + 4/6?
3
Let u(h) = 3*h**3 + 56*h**2 - 23*h + 9. What is the units digit of u(-12)?
5
Suppose -4*d - 146 = 2*r, -r + 6*r = -4*d - 371. Let a = -30 - r. Let v = -20 + a. What is the units digit of v?
5
Suppose -17333 = 32*b - 63285. What is the thousands digit of b?
1
Let y(c) = -c**3 - 19*c**2 - 21*c + 17. Let v be (-2)/(-3)*189/(-7). What is the units digit of y(v)?
1
Let f = 208 + 61. What is the tens digit of f?
6
Let w(z) = -z**2 + 91*z + 214. What is the thousands digit of w(54)?
2
Let k = -15 - -18. Suppose b - k - 1 = 0, -4*b + 220 = 2*l. Suppose x - 3*x = -l. What is the tens digit of x?
5
Let a(c) = c**3 - 4*c**2 + c - 1. Suppose -8 = 6*n - 8*n. Let l be a(n). What is the units digit of 14/((l/(-9))/(-1))?
2
Let q(u) = -1705*u - 129. What is the hundreds digit of q(-2)?
2
Suppose 465 = 10*v - 4575. What is the hundreds digit of v?
5
Let u = -92 - -95. Suppose 3*y = -q + 651, u*q = -y - 2*y + 645. What is the tens digit of y?
1
Suppose -l - w + 9 = 3*w, -4*l + 2 = -w. Let o(h) = 113*h**2 - h + 1. What is the hundreds digit of o(l)?
1
What is the tens digit of 96/72 - 3724/(-6)?
2
Suppose -4*a = -5*o + 16590, 2*a = 22*o - 23*o + 3332. What is the tens digit of o?
2
Suppose -5 = -w + 2. Let u(p) = 13*p + 6. Let d be u(w). Let h = d + -32. What is the tens digit of h?
6
Let n(r) be the second derivative of 5*r**2 + 0 + 1/6*r**3 - 4*r. What is the units digit of n(-5)?
5
Suppose 5*i - 4400 = -a, -3*i + 2*a = -5*i + 1760. What is the hundreds digit of i?
8
What is the tens digit of (-42021)/(-63)*(0 - -1)?
6
Let v be (-8)/2 + 3 + 6. Suppose -4*j + 0*l - l + 316 = 0, -v*l + 20 = 0. What is the tens digit of j?
7
Suppose 0 = -15*v - 1229 + 5834. What is the units digit of v?
7
Let n(p) = 3*p + 5. Let t be n(-4). Let j = t - -66. What is the tens digit of j?
5
Suppose -859*q + 876*q - 15776 = 0. What is the tens digit of q?
2
Let p = -336 - -956. What is the units digit of p?
0
Suppose -5*l + 6*l = -6*l. Suppose k - 96 - 56 = l. What is the hundreds digit of k?
1
Suppose 5*v + 0 = 5*h + 55, h + 3*v - 5 = 0. Let j(c) be the first derivative of c**3/3 + 3*c**2/2 - c + 273. What is the tens digit of j(h)?
2
Let q = 330 - 33. What is the units digit of q?
7
What is the tens digit of 66251/19 - (-3 - (-550)/190)?
8
Suppose -4*t = 3*d - 4428, 3*t - 4424 = -t - 2*d. What is the units digit of t?
4
Let o = -25 - -29. Let j(f) = -4 + 0*f**2 + o*f + 5*f**2 + 8 + 3*f**2. What is the tens digit of j(-3)?
6
Suppose 5*m - 20 = 4*n, 4*m - n = -m + 35. Let z(f) = f**3 - 9*f**2 + 9*f + 6. Let w be z(m). Suppose -2*i + w = -i. What is the tens digit of i?
1
Suppose 18 = -4*j - 5*r + 5, 0 = -3*j - 2*r - 1. Suppose -j*y + 3*m + 2*m = -107, -4*m + 132 = 4*y. What is the units digit of y?
4
Suppose 3*f = -9*m + 10*m - 1129, 4*m + f = 4477. What is the tens digit of (7/4)/((-4)/m*-5)?
9
Suppose 3 = -j - 12. Let q be 6/(-4)*(-20)/j. What is the tens digit of ((-16)/(-20))/(q/(-95))?
3
Suppose -123 = -4*n + t, 0 = -n - 3*t + 23 + 24. Suppose -2*u + 32 = p, -7*u = -5*u + 4*p - n. What is the units digit of u?
6
Suppose 0 = -2*r - q + 199, -5*q + 77 = 4*r - 3*r. Let l = r + -61. What is the units digit of l?
1
Let u(n) = -n + 15 + 0 + 2*n + 4*n. What is the tens digit of u(6)?
4
Let k = -91 - -70. Let t = -15 - k. What is the units digit of t?
6
Let z be 1 + 12/8*-2*3. Suppose -5*u = -11*u + 288. Let x = u + z. What is the tens digit of x?
4
Let z = 96 - 56. Let y = 90 - z. Suppose -y = -3*a + a. What is the units digit of a?
5
Suppose -8966*o + 8974*o = 14968. What is the units digit of o?
1
Let h(n) = -183*n. Let g be h(-1). Suppose 3*t = 306 + g. What is the tens digit of t?
6
Let i = -1818 + 2583. What is the units digit of i?
5
Suppose -y + 5 = y - 5*g, 0 = -2*y - 3*g + 13. Suppose 0*q - y*q = -15. Suppose a - 4*v - 3 - 1 = 0, -4*a - q*v = -73. What is the tens digit of a?
1
Let a(o) be the second derivative of o**5/20 - 5*o**4/12 - 10*o**3/3 + 7*o**2/2 - 16*o. What is the tens digit of a(8)?
3
What is the thousands digit of (-12)/1 - (-3488 + -9)?
3
Let w(c) = -c**3 + 13*c**2 + 2*c + 26. Let f be w(14). Let a = -30 - f. What is the units digit of a?
2
Let p(a) = 13*a**2 + 37*a - 318. What is the tens digit of p(10)?
5
Suppose 24 = 8*k - 0*k. Suppose 2*a = a - 2*v + 58, -k*a = -5*v - 207. What is the units digit of a?
4
Suppose 2*s - 4109 = -5*g, 3*g - 7*g + 10230 = 5*s. What is the units digit of s?
2
Let l = -290 - -641. What is the hundreds digit of l?
3
Suppose 0 = -5*j - 8 - 47. Let r = j + 13. Let f = 16 + r. What is the tens digit of f?
1
Let x be (-30)/165 - 53/11. Let y = x - -11. What is the units digit of y?
6
Let o = 6707 + -3969. What is the hundr